 u(-2). Let g(t) = 11*t**2 - 2*t - 1. What is g(k)?
12
Let t(n) = -n**3 - 2*n**2 + 5*n + 3. Let r be t(-3). Let y be r/(3/(-1)) + 0. Let z(w) = 2*w + y - w - 2*w + 5*w. Calculate z(-2).
-7
Let m(l) = -6*l**2 - l - 8. Let k(j) = -5*j**2 - 2*j - 7. Let t(v) = -5*k(v) + 4*m(v). Suppose 0 = -11*x + 6*x - 25. What is t(x)?
-2
Let a = -24 - -26. Let j(y) be the second derivative of 3/2*y**2 - 5/6*y**3 + 1/12*y**4 + 0 + a*y. What is j(2)?
-3
Suppose 0 = i - 4*i - 108. Let u be 8/i - (-116)/36. Let w(r) = 2*r - 3. Calculate w(u).
3
Let w(y) = y**2 + y - 5. Let i = 10 + 2. Suppose p = 4*x + i, 16 = -x - 3*x. Determine w(p).
7
Let j(a) be the first derivative of -a**3/3 - 2*a**2 - 4*a + 8. Calculate j(-4).
-4
Let y(t) = t**3 - 2. Let g(b) = 2*b**2 - 2*b - 1. Suppose 4 = -5*x - 1. Let z be g(x). Suppose 0 = -z*f + 9 - 3. What is y(f)?
6
Let w = -30 - -33. Let n(i) = 9*i**2 - 13*i - 7. Let h(p) = 5*p**2 - 7*p - 4. Let t(k) = 5*h(k) - 3*n(k). Calculate t(w).
-5
Let r(q) = q**2 + 3*q - 3. Let s be 8 - (-1)/2*-6. Suppose -1 = -s*x + 4. Suppose -x = 3*c - 7. What is r(c)?
7
Suppose 3*j = -2*j + 5. Let o(f) = -f**2 - j - 3 - 4 + 2 - 6*f. Calculate o(-5).
-1
Let v(b) = 4*b - 5. Suppose -l = 3*i - 61, -3*i - l + 58 = -3*l. Suppose 4*g = 2*z + i, 5*g - g - 26 = 5*z. What is v(g)?
11
Let q(j) = -j - 6. Let v(h) = h**2 - h + 2. Let u be v(0). Suppose u = 3*c - w + 19, 5*w = 10. What is q(c)?
-1
Let x(k) = -2*k**3 - 10*k**2 + 3*k + 5. Let g(w) = -w**3 - 5*w**2 + 2*w + 2. Let j(l) = 5*g(l) - 3*x(l). Calculate j(-4).
7
Let f(z) = -z + 10. Let n be f(8). Let l(i) = -4*i**n + 2 - 13*i**3 + 4*i**2 + 3*i + 12*i**3. What is l(-2)?
4
Let u(s) = -2*s + 3. Let q(p) = -p**2 - 8*p - 1. Let z = -22 - -15. Let b be q(z). What is u(b)?
-9
Let v(f) be the third derivative of f**6/15 - f**4/24 - 4*f**2. Determine v(-1).
-7
Let k(j) be the first derivative of -j**4/4 - 2*j + 8. Determine k(0).
-2
Let m(b) = -3*b + 2*b + 6*b - 3*b. Determine m(-4).
-8
Let t(n) be the second derivative of -n**4/12 + n**3/3 - 15*n. What is t(4)?
-8
Let j(k) be the third derivative of 0*k**6 + 0*k**4 - 2*k**2 + 0 + 0*k - 1/20*k**5 + 0*k**3 + 1/5040*k**7. Let c(x) be the third derivative of j(x). Give c(4).
4
Let v = -38 - -39. Let w(k) = -5*k**3 + 2*k**2 - 2*k + 1. Calculate w(v).
-4
Let v(i) = 4*i**3 + 2*i**2 - i. Let h = -36 - -37. What is v(h)?
5
Let l(o) = 3*o**3 + 3*o**2 - 17. Let w(r) = 2*r**3 + 2*r**2 - 11. Let t(i) = -5*l(i) + 8*w(i). Calculate t(0).
-3
Let p(b) = 2*b - 2. Let w be p(1). Suppose 2*z + 0*z - 2 = w. Let m(f) = 5*f**3 - 2*f + 1. Give m(z).
4
Let a(i) = -i**2 - i. Let f = 7 + -6. What is a(f)?
-2
Let j(u) = -9*u**3 + 17*u**2 - u + 2. Let h(b) = -5*b**3 + 9*b**2 + 1. Let m(z) = 7*h(z) - 4*j(z). What is m(4)?
-1
Let u(r) = 2*r**3 + 2*r**2 - 2*r + 1. Suppose 0 = -w + 2 - 1. Let j = w + 0. What is u(j)?
3
Let t(c) = -c - 3. Let q be t(-3). Suppose -5*k + 1 + 4 = q. Suppose 0 = -4*o + 4*a + 40, -3*o = a - 11 + k. Let s(f) = -f**2 + 4*f + 7. What is s(o)?
2
Let m(g) = g**2 + 11*g + 16. Let u be m(-9). Let i(n) = -n**3 - 4*n**2 - 3*n - 3. Give i(u).
-5
Let j(a) be the second derivative of a**5/20 + 3*a**4/4 + 7*a**3/6 + 5*a**2/2 + 18*a + 1. What is j(-8)?
13
Let h(q) = q + 2. Let n = -2 + 2. Let m be (-16)/(-2) - 2 - n. Suppose 2*k = -k + m. Give h(k).
4
Let k(l) = l**3 - 5*l**2 + 3*l + 1. Let p(s) = s**3 + 3*s**2 + s - 1. Let b(u) = 2*u + 3. Let o be b(-3). Let v be p(o). Let x = v - -7. Determine k(x).
-8
Let a(z) = -z**3. Let s(x) = 7*x**3 - x**2 - x + 3. Let i(c) = -6*a(c) - s(c). Determine i(0).
-3
Let h(d) = -d**3 + d - 1. Suppose 12 - 8 = 2*s. Give h(s).
-7
Let p(y) = y**2 + y + 3. Let v = 1 - -2. Suppose -v*a - 3 = 6. Let d be 1*a + 1 - -2. What is p(d)?
3
Let l(s) = 8*s + 7 - s - 2*s. Let r(v) = -4*v - 8. Let m(b) = 3*l(b) + 4*r(b). Calculate m(-5).
-6
Let i(t) = 7*t**2 - 2*t + 2. Suppose 0*f - 2*f = -3*p + 10, -p + 3*f + 8 = 0. What is i(p)?
26
Suppose d - 4*z + 11 = 0, -3*d + 0*d = -3*z - 3. Let a(p) = -p**3 + 6*p**2 - 4*p - 1. Determine a(d).
4
Let d(b) = b**2 + 5*b + 4. Let g be d(-4). Let i(z) be the first derivative of -4 + 1/3*z**3 - 2*z + g*z**2. Determine i(-2).
2
Let q be 6*(-3)/6 - -5. Let d(c) = -c - 3 + 4 - c**2 - q*c**2. Determine d(1).
-3
Suppose 4*c - 7 = 3*c. Let p(n) be the second derivative of n**5/20 - 2*n**4/3 + 7*n**3/6 - 2*n**2 + 45*n. What is p(c)?
-4
Suppose -h + 3 = -2*p + 8, 4*p + 2*h - 6 = 0. Suppose -4*i = p*i + 24. Let k(d) = -d**2 - 5*d + 2. What is k(i)?
6
Let x(b) = -b**2 + 3*b - 1. Let o be x(2). Suppose -5*q = 5*f, -o = f + 2*q + 2. Let s(w) = -2*w + 3. Give s(f).
-3
Let f = -13 + 18. Let i(y) = y**3 - 5*y**2 + y - 7. Calculate i(f).
-2
Let w be 4*2/4*2. Let v(y) be the first derivative of -y**3 + y**2 + 8*y - 3. Let i(u) = u**2 - 1. Let m(q) = w*i(q) + v(q). Give m(-3).
7
Let s(d) = -d**2 + 6*d + 4. Let n be s(6). Let i(x) = -2*x + 1. Give i(n).
-7
Let z(d) = -3*d**2 + 3*d - 1. Let c(o) = o**2 - 1. Let x(l) = 4*l**2 - 3*l. Let w(h) = c(h) - x(h). Let a(y) = -5*w(y) + 6*z(y). What is a(2)?
-7
Suppose -9*l + 4*l - 15 = 0. Let t be (6 - 0)*l/6. Let p(g) = g**3 + 2*g**2 - 3*g - 3. Give p(t).
-3
Let c(p) = -p**3 + 4*p**2 - 3*p + 4. Suppose -2*a = -2 + 62. Let z be a/(-7) + (-10)/35. Suppose z*x + 6*w - 22 = 4*w, 2*x - 2*w + 4 = 0. Calculate c(x).
4
Let c = -19 - -26. Let f(h) = -h**3 + 8*h**2 - 7*h - 3. What is f(c)?
-3
Let k = 1 - -1. Let v(j) = 3*j - 2*j - 4*j + j. Give v(k).
-4
Let x(p) be the third derivative of -p**4/12 + 5*p**3/6 + 14*p**2. Determine x(4).
-3
Let g(z) = z**3 - z**2 - 1. Suppose 5*k = 18 + 32. Suppose -k*x + 7*x = 0. Give g(x).
-1
Suppose -2*l - 9 = -1. Let a(p) = -1 - 4 + p + 0*p. Calculate a(l).
-9
Suppose 2*v + 0*v = 16. Let r(h) = v*h - 4 - 4*h + 3 + 2*h. Calculate r(2).
11
Let n(f) = -2*f**2 - 2*f + 4. Let y(d) = d**2 - 1. Let b(h) = -n(h) - 3*y(h). Give b(2).
-1
Let g(r) = 5*r**3 + 2*r + 1. Let m be 4/2 - (-3 - -1). Suppose 0 = -2*n - 4*l - 1 + 3, 0 = 4*n - 5*l + 35. Let o = n + m. What is g(o)?
-6
Let j(v) be the first derivative of -v**2 - 6*v + 1. Let o be j(-4). Let p(q) = -q**o - 1 + 6*q - 1 - 5. Calculate p(5).
-2
Let p(o) be the third derivative of 0*o + 1/3*o**3 - 1/24*o**4 + 0 - 1/15*o**5 + 8*o**2 - 1/120*o**6. Determine p(-3).
-4
Let r(d) = -9*d + 3 + 6*d - 2*d. Determine r(-4).
23
Let t(r) = 2*r + 3. Let x(z) = -z - 1. Let h(o) = 3*t(o) + 5*x(o). Calculate h(0).
4
Let k be (0 + 1)/((-3)/(-15)). Let s(h) = k + 24*h - 10*h - 12*h. Calculate s(-4).
-3
Let b(o) be the first derivative of o**3/3 - 7*o**2/2 + 9*o + 4. Calculate b(6).
3
Let h = -81 - -84. Let t(q) = q + 2. Determine t(h).
5
Suppose 0 = -0*r + 4*r + f + 27, -4 = r + 3*f. Let q(m) = -m**3 - 6*m**2 + 4*m - 8. Calculate q(r).
13
Let p(l) = -l + 3. Let t be p(0). Let w(i) = -2*i + 2. Calculate w(t).
-4
Let x(r) = r - 2. Let i = -17 + 20. Let m be (0/(12/(-3)))/i. Give x(m).
-2
Let z(c) = -c**3 + 2*c**2. Let h(d) = 3*d - 11. Let r be h(4). Determine z(r).
1
Suppose 10 = -r + 3*r. Let g(k) = -3*k - 7. Let m(t) = 15*t - 2 + 6 - 14*t. Let q(u) = -3*g(u) - 7*m(u). What is q(r)?
3
Let d(o) be the third derivative of -o**6/120 + o**5/15 - o**4/8 + o**3/6 - 16*o**2. What is d(3)?
1
Let w(v) be the first derivative of v**4/4 - 4*v**3/3 + 3*v**2/2 - v - 4. Suppose -5*q + 17 = m, 3*q + 18 = 5*m - 39. Suppose 7*x - m = 3*x. What is w(x)?
-1
Let v(z) = -z - 4. Suppose -5*t + 0*t - 3 = 4*h, -4*h + 9 = t. Calculate v(t).
-1
Let i = -1 - -2. Let k(h) be the second derivative of 7*h**4/24 + 3*h**2/2 + h. Let l(r) be the first derivative of k(r). What is l(i)?
7
Let p(z) = -3*z + 3*z - z. Determine p(-4).
4
Let g = 12 + -14. Let h(x) = -4*x**3 + 9*x**2 + x + 3. Let s(q) = 3*q**3 - 8*q**2 - q - 2. Let b(j) = 4*h(j) + 5*s(j). Determine b(g).
-4
Let r be (-3)/(-2)*12/(-9). Let w(a) = a**2 + 3*a + 3. Determine w(r).
1
Suppose 5*h + 5 = 4*h, 5*i - 35 = 3*h. Let g(d) be the third derivative of 0*d**3 + 0 - 1/40*d**6 + 0*d**i - 2*d**2 + 0*d + 0*d**5. What is g(-1)?
3
Let f(s) = -s**3 + 10*s**2 - s + 5. Let y be f(10). Let u(l) = -3*l + 7. Calculate u(y).
22
Let b(j) = -4*j**2 + 6*j**2 - j**2 - 5*j**3 - 2*j**2 - j. What is b(-1)?
5
Let o(r) = -r**3 + 4*r**2 + 2*r + 6. Let u be 627/133 + (-4)/(-14). What is o(u)?
-9
Let d(k) = -2*k. Let s = 4 + -1. Suppose -s*w + 6*w - 30 = 0. Su